{"id":64,"date":"2023-10-12T01:14:54","date_gmt":"2023-10-12T04:14:54","guid":{"rendered":"https:\/\/naturellenutrition.com.br\/21d\/produtos-2\/"},"modified":"2023-10-16T02:34:17","modified_gmt":"2023-10-16T05:34:17","slug":"contato","status":"publish","type":"page","link":"https:\/\/naturellenutrition.com.br\/21d\/contato\/","title":{"rendered":"CONTATO"},"content":{"rendered":"<div id=\"pl-64\"  class=\"panel-layout\" ><div id=\"pg-64-0\"  class=\"panel-grid panel-no-style\" ><div id=\"pgc-64-0-0\"  class=\"panel-grid-cell\" ><div id=\"panel-64-0-0-0\" class=\"so-panel widget widget_black-studio-tinymce widget_black_studio_tinymce panel-first-child panel-last-child\" data-index=\"0\" ><div class=\"textwidget\"><hr \/>\n<h4>Contato<\/h4>\n<hr \/>\n<\/div><\/div><\/div><\/div><div id=\"pg-64-1\"  class=\"panel-grid panel-no-style\" ><div id=\"pgc-64-1-0\"  class=\"panel-grid-cell\" ><div id=\"panel-64-1-0-0\" class=\"so-panel widget widget_black-studio-tinymce widget_black_studio_tinymce panel-first-child panel-last-child\" data-index=\"1\" ><div class=\"textwidget\"><h5 style=\"text-align: justify;\">Para enviar uma mensagem sobre sua compra, dar uma sugest\u00e3o ou saber mais sobre o 21D, por favor preencha os campos do formul\u00e1rio. Retornamos sua mensagem o mais breve poss\u00edvel.<\/h5>\n<p><img class=\"aligncenter wp-image-6279 size-full\" src=\"https:\/\/naturellenutrition.com.br\/wp-content\/uploads\/2023\/08\/rrr.jpg\" alt=\"\" width=\"600\" height=\"344\" \/><\/p>\n<h4 style=\"text-align: center;\"><span style=\"color: #008000;\">E desde j\u00e1, agradecemos sua visita!<\/span><\/h4>\n<\/div><\/div><\/div><div id=\"pgc-64-1-1\"  class=\"panel-grid-cell\" ><div id=\"panel-64-1-1-0\" class=\"so-panel widget widget_black-studio-tinymce widget_black_studio_tinymce panel-first-child panel-last-child\" data-index=\"2\" ><div class=\"textwidget\"><p><div class=\"forminator-ui forminator-custom-form forminator-custom-form-142 forminator-design--material  forminator_ajax\" data-forminator-render=\"0\" data-form=\"forminator-module-142\" data-uid=\"69ef26cb84d62\"><br\/><\/div><form\n\t\t\t\tid=\"forminator-module-142\"\n\t\t\t\tclass=\"forminator-ui forminator-custom-form forminator-custom-form-142 forminator-design--material  forminator_ajax\"\n\t\t\t\tmethod=\"post\"\n\t\t\t\tdata-forminator-render=\"0\"\n\t\t\t\tdata-form-id=\"142\"\n\t\t\t\t\n\t\t\t\tdata-design=\"material\"\n\t\t\t\t\n\t\t\t\t\n\t\t\t\t\n\t\t\t\tdata-grid=\"open\"\n\t\t\t\t\n\t\t\t\t\n\t\t\t\tstyle=\"display: none;\"\n\t\t\t\t\n\t\t\t\tdata-uid=\"69ef26cb84d62\"\n\t\t\t><div role=\"alert\" aria-live=\"polite\" class=\"forminator-response-message forminator-error\" aria-hidden=\"true\"><\/div><div class=\"forminator-row\"><div id=\"name-1\" class=\"forminator-field-name forminator-col forminator-col-12 \"><div class=\"forminator-field\"><label for=\"forminator-field-name-1_69ef26cb84d62\" class=\"forminator-label\" id=\"forminator-field-name-1_69ef26cb84d62-label\">Primeiro Nome <span class=\"forminator-required\">*<\/span><\/label><input type=\"text\" name=\"name-1\" value=\"\" placeholder=\"Ex: Valter\" id=\"forminator-field-name-1_69ef26cb84d62\" class=\"forminator-input forminator-name--field\" aria-required=\"true\" \/><\/div><\/div><\/div><div class=\"forminator-row\"><div id=\"email-1\" class=\"forminator-field-email forminator-col forminator-col-12 \"><div class=\"forminator-field\"><label for=\"forminator-field-email-1_69ef26cb84d62\" class=\"forminator-label\" id=\"forminator-field-email-1_69ef26cb84d62-label\">Endere\u00e7o de E-mail <span class=\"forminator-required\">*<\/span><\/label><input type=\"email\" name=\"email-1\" value=\"\" placeholder=\"Ex: valter@gmail.com\" id=\"forminator-field-email-1_69ef26cb84d62\" class=\"forminator-input forminator-email--field\" data-required=\"true\" aria-required=\"true\" \/><\/div><\/div><\/div><div class=\"forminator-row\"><div id=\"phone-1\" class=\"forminator-field-phone forminator-col forminator-col-12 \"><div class=\"forminator-field\"><label for=\"forminator-field-phone-1_69ef26cb84d62\" class=\"forminator-label\" id=\"forminator-field-phone-1_69ef26cb84d62-label\">Telefone<\/label><input type=\"text\" name=\"phone-1\" value=\"\" placeholder=\"Ex: +55 62 9999-9999\" id=\"forminator-field-phone-1_69ef26cb84d62\" class=\"forminator-input forminator-field--phone\" data-required=\"\" aria-required=\"false\" autocomplete=\"off\" \/><\/div><\/div><\/div><div class=\"forminator-row\"><div id=\"textarea-1\" class=\"forminator-field-textarea forminator-col forminator-col-12 \"><div class=\"forminator-field\"><label for=\"forminator-field-textarea-1_69ef26cb84d62\" id=\"forminator-field-textarea-1_69ef26cb84d62-label\" class=\"forminator-label\">Mensagem<\/label><textarea name=\"textarea-1\" placeholder=\"Escreva sua mensagem\" id=\"forminator-field-textarea-1_69ef26cb84d62\" class=\"forminator-textarea\" rows=\"6\" style=\"min-height:140px;\" maxlength=\"180\" ><\/textarea><span id=\"forminator-field-textarea-1_69ef26cb84d62-description\" class=\"forminator-description\"><span data-limit=\"180\" data-type=\"characters\">0 \/ 180<\/span><\/span><\/div><\/div><\/div><input type=\"hidden\" name=\"referer_url\" value=\"\" \/><div class=\"forminator-row forminator-row-last\"><div class=\"forminator-col\"><div class=\"forminator-field\"><button class=\"forminator-button forminator-button-submit\"><span>Enviar mensagem<\/span><span aria-hidden=\"true\"><\/span><\/button><\/div><\/div><\/div><input type=\"hidden\" id=\"forminator_nonce\" name=\"forminator_nonce\" value=\"c69feb984b\" \/><input type=\"hidden\" name=\"_wp_http_referer\" value=\"\/21d\/wp-json\/wp\/v2\/pages\/64\" \/><input type=\"hidden\" name=\"form_id\" value=\"142\"><input type=\"hidden\" name=\"page_id\" value=\"64\"><input type=\"hidden\" name=\"form_type\" value=\"default\"><input type=\"hidden\" name=\"current_url\" value=\"https:\/\/naturellenutrition.com.br\/21d\/contato\/\"><input type=\"hidden\" name=\"render_id\" value=\"0\"><input type=\"hidden\" name=\"action\" value=\"forminator_submit_form_custom-forms\"><\/form><\/p>\n<\/div><\/div><\/div><\/div><div id=\"pg-64-2\"  class=\"panel-grid panel-no-style\" ><div id=\"pgc-64-2-0\"  class=\"panel-grid-cell\" ><div id=\"panel-64-2-0-0\" class=\"so-panel widget widget_black-studio-tinymce widget_black_studio_tinymce panel-first-child\" data-index=\"3\" ><div class=\"textwidget\"><hr \/>\n<p><a href=\"https:\/\/api.whatsapp.com\/send\/?phone=5562981917151&amp;text=Ol\u00e1, gostaria de saber mais sobre um produto.\"><img class=\"aligncenter wp-image-150 size-full\" src=\"https:\/\/naturellenutrition.com.br\/21d\/wp-content\/uploads\/2023\/10\/WHTSPFCN.png\" alt=\"\" width=\"1286\" height=\"242\" \/><\/a><\/p>\n<hr \/>\n<\/div><\/div><div id=\"panel-64-2-0-1\" class=\"so-panel widget widget_black-studio-tinymce widget_black_studio_tinymce panel-last-child\" data-index=\"4\" ><div class=\"textwidget\"><hr \/>\n<p><iframe src=\"https:\/\/www.google.com\/maps\/embed?pb=!1m18!1m12!1m3!1d3060.4499442000015!2d-49.2778868299389!3d-16.685379610330315!2m3!1f0!2f0!3f0!3m2!1i1024!2i768!4f13.1!3m3!1m2!1s0x935ef15a88438233%3A0x8ae806b47d82948c!2sR.%20R-18%2C%2043%20-%20St.%20Oeste%2C%20Goi%C3%A2nia%20-%20GO%2C%2074125-180!5e1!3m2!1spt-BR!2sbr!4v1690356915666!5m2!1spt-BR!2sbr\" height=\"300\" style=\"width: 100%;\" scrolling=\"no\" style=\"border:0;\" allowfullscreen=\"\" loading=\"lazy\" referrerpolicy=\"no-referrer-when-downgrade\"><\/iframe><\/p>\n<\/div><\/div><\/div><\/div><\/div>","protected":false},"excerpt":{"rendered":"<p>Contato Para enviar uma mensagem sobre sua compra, dar uma sugest\u00e3o ou saber mais sobre o 21D, por favor preencha os campos do formul\u00e1rio. Retornamos sua mensagem o mais breve poss\u00edvel. E desde j\u00e1, agradecemos sua visita!<\/p>\n","protected":false},"author":2,"featured_media":0,"parent":0,"menu_order":0,"comment_status":"closed","ping_status":"closed","template":"page-fullwidth.php","meta":{"kt_blocks_editor_width":"","footnotes":""},"_links":{"self":[{"href":"https:\/\/naturellenutrition.com.br\/21d\/wp-json\/wp\/v2\/pages\/64"}],"collection":[{"href":"https:\/\/naturellenutrition.com.br\/21d\/wp-json\/wp\/v2\/pages"}],"about":[{"href":"https:\/\/naturellenutrition.com.br\/21d\/wp-json\/wp\/v2\/types\/page"}],"author":[{"embeddable":true,"href":"https:\/\/naturellenutrition.com.br\/21d\/wp-json\/wp\/v2\/users\/2"}],"replies":[{"embeddable":true,"href":"https:\/\/naturellenutrition.com.br\/21d\/wp-json\/wp\/v2\/comments?post=64"}],"version-history":[{"count":14,"href":"https:\/\/naturellenutrition.com.br\/21d\/wp-json\/wp\/v2\/pages\/64\/revisions"}],"predecessor-version":[{"id":153,"href":"https:\/\/naturellenutrition.com.br\/21d\/wp-json\/wp\/v2\/pages\/64\/revisions\/153"}],"wp:attachment":[{"href":"https:\/\/naturellenutrition.com.br\/21d\/wp-json\/wp\/v2\/media?parent=64"}],"curies":[{"name":"wp","href":"https:\/\/api.w.org\/{rel}","templated":true}]}}