{"id":88,"date":"2023-10-12T02:19:07","date_gmt":"2023-10-12T05:19:07","guid":{"rendered":"https:\/\/naturellenutrition.com.br\/21d\/?post_type=product&#038;p=88"},"modified":"2023-10-17T06:55:10","modified_gmt":"2023-10-17T09:55:10","slug":"21d-poacote-3-meses","status":"publish","type":"product","link":"https:\/\/naturellenutrition.com.br\/21d\/produto\/21d-poacote-3-meses\/","title":{"rendered":"21D &#8211; PACOTE 3 M\u00caSES"},"content":{"rendered":"<p><b>21 D NATURALMENTE O MAIS AMADO NA EUROPA E NO BRASIL<\/b><\/p>\n<h4><span style=\"color: #008000;\"><strong>Nova F\u00f3rmula<\/strong><\/span><\/h4>\n<hr \/>\n<ul>\n<li>\n<h5><b> CONTROLA A ANSIEDADE<\/b><\/h5>\n<\/li>\n<li>\n<h5><b>ACELERA O METABOLISMO\u00a0<\/b><\/h5>\n<\/li>\n<li>\n<h5><b>FORTE INIBIDOR DE APETITE\u00a0\u00a0\u00a0\u00a0\u00a0\u00a0\u00a0\u00a0\u00a0\u00a0\u00a0\u00a0\u00a0\u00a0\u00a0\u00a0\u00a0\u00a0\u00a0\u00a0\u00a0\u00a0\u00a0\u00a0\u00a0\u00a0\u00a0\u00a0<\/b><\/h5>\n<\/li>\n<li>\n<h5><b>DIMINUI A COMPULS\u00c3O POR DOCES\u00a0<\/b><\/h5>\n<\/li>\n<li>\n<h5><b>QUEIMA GORDURAS LOCALIZADAS<\/b><\/h5>\n<\/li>\n<li>\n<h5><b>AUXILIA NA SACIEDADE<\/b><\/h5>\n<\/li>\n<li>\n<h5><b> A\u00c7\u00c3O DETOX<\/b><\/h5>\n<\/li>\n<li>\n<h5><b><b>REDUZ A FLACIDEZ E CELULITE<\/b><\/b><\/h5>\n<\/li>\n<\/ul>\n<p>&nbsp;<\/p>\n<hr \/>\n<h4 style=\"text-align: center;\"><span style=\"color: #008000;\"><b>EVITE FALSIFICA\u00c7\u00d5ES, COMPRE SOMENTE NO SITE OFICIAL!<\/b><\/span><\/h4>\n<hr \/>\n<h5 style=\"text-align: center;\"><span style=\"color: #000000; font-size: 14pt;\"><strong>Os benef\u00edcios do EMAGRECEDOR\u00a0 21 D, O MAIS AMADO NA Europa e no Brasil<\/strong><\/span><\/h5>\n<p><img decoding=\"async\" loading=\"lazy\" class=\"aligncenter size-full\" src=\"https:\/\/naturellenutrition.com.br\/21d\/wp-content\/uploads\/2023\/10\/21DBG.jpg\" alt=\"\" width=\"1920\" height=\"1369\" \/><\/p>\n<table style=\"width: 100%; height: 40px;\">\n<tbody>\n<tr style=\"height: 40px;\">\n<td style=\"height: 40px;\">\n<h5 style=\"text-align: center;\"><strong>Melhora a sa\u00fade em geral<\/strong><\/h5>\n<\/td>\n<td style=\"height: 40px; text-align: center;\">\n<h5><strong>Regula o intestino<\/strong><\/h5>\n<\/td>\n<td style=\"height: 40px;\">\n<h5 style=\"text-align: center;\"><strong>Promove saciedade<\/strong><\/h5>\n<\/td>\n<td style=\"height: 40px;\">\n<h5 style=\"text-align: center;\"><strong>Controla o apetite<\/strong><\/h5>\n<\/td>\n<td style=\"height: 40px;\">\n<h5 style=\"text-align: center;\"><strong>Diminui a reten\u00e7\u00e3o de l\u00edquido e distens\u00e3o abdominal<\/strong><\/h5>\n<\/td>\n<\/tr>\n<\/tbody>\n<\/table>\n<p>&nbsp;<\/p>\n<h4 style=\"text-align: center;\"><span style=\"color: #008000;\">Acelera o processo de emagrecimento, atuando na queima de gordura, desintoxica\u00e7\u00e3o, auxiliando na redu\u00e7\u00e3o do incha\u00e7o, aumentando sua disposi\u00e7\u00e3o e fazendo voc\u00ea emagrecer de forma saud\u00e1vel.<\/span><\/h4>\n<p><img decoding=\"async\" loading=\"lazy\" class=\"aligncenter size-full\" src=\"https:\/\/naturellenutrition.com.br\/21d\/wp-content\/uploads\/2023\/10\/informacoes-nutricionais.jpg\" alt=\"\" width=\"847\" height=\"671\" \/><\/p>\n<hr \/>\n<h4 style=\"text-align: center;\">&#8220;O caminho para um corpo mais leve e saud\u00e1vel come\u00e7a aqui! Experimente nosso emagrecedor natural e se surpreenda com os resultados!&#8221;<\/h4>\n<hr \/>\n<h5>Apresentamos a voc\u00ea nosso suplemento natural, formulado na Fran\u00e7a com uma combina\u00e7\u00e3o poderosa de ingredientes 100% naturais e que vai te ajudar a eliminar os quilinhos indesej\u00e1veis e ficar mais leve.<\/h5>\n<h5>A sua composi\u00e7\u00e3o cont\u00e9m vitaminas, minerais, fibras, amino\u00e1cidos que estimulam o metabolismo, a queima de gorduras e melhora a sa\u00fade como um todo, pois, regula o tr\u00e2nsito intestinal, ajuda a controlar aquela vontade de comer um docinho e ainda elimina toxinas fazendo um detox no seu organismo.<\/h5>\n<p style=\"text-align: center;\"><strong><span style=\"font-size: 18pt;\">Fa\u00e7a seu pedido agora e comece a transforma\u00e7\u00e3o com 21D.<\/span><\/strong><\/p>\n<hr \/>\n[kt_box opacity=&#8221;1&#8243; background=&#8221;#00820a&#8221;]\n<h2 style=\"text-align: center;\"><span style=\"color: #ffff00;\">Transforme seu corpo e sua vida com 2 C\u00e1psulas por dia!<\/span><\/h2>\n[\/kt_box]\n<hr \/>\n<div class=\"row\"> <div class=\"col-md-3\">\n<h5><span style=\"color: #008000;\"><b>Picolinato de Cromo:<\/b><\/span> Este mineral essencial desempenha um papel fundamental no metabolismo de carboidratos, prote\u00ednas e gorduras, ajudando a controlar o a\u00e7\u00facar no sangue e reduz os desejos por alimentos a\u00e7ucarados.<\/h5>\n<\/div><div class=\"col-md-3\">\n<h5><span style=\"color: #008000;\"><b>Morosil:<\/b><\/span> Extra\u00eddo das laranjas vermelhas moro, o Morosil \u00e9 rico em antioxidantes e promove a queima de gordura, especialmente na regi\u00e3o abdominal, contribuindo para um corpo mais definido e saud\u00e1vel.<\/h5>\n<\/div><div class=\"col-md-3\">\n<h5><span style=\"color: #008000;\"><b>Psyllium:<\/b><\/span> Fibra natural derivada da casca de sementes de Plantago ovata ajuda a regular o tr\u00e2nsito intestinal, auxilia\u00a0 na constipa\u00e7\u00e3o e acelera o tr\u00e2nsito <b>intestinal<\/b>, promovendo uma digest\u00e3o saud\u00e1vel e a sensa\u00e7\u00e3o de saciedade, o que pode ser especialmente \u00fatil para o controle do peso.<\/h5>\n<\/div><div class=\"col-md-3\">\n<h5><span style=\"color: #008000;\"><b>Vitamina C:<\/b><\/span> antioxidante, a vitamina C atua no fortalecimento do sistema imunol\u00f3gico. Ela contribui para a redu\u00e7\u00e3o do <a href=\"https:\/\/minhasaude.proteste.org.br\/colesterol-alto-faz-mal\/\">colesterol<\/a> LDL (o \u201ccolesterol ruim\u201d) e dos triglicer\u00eddeos; \u00e9 capaz de ajudar o organismo na absor\u00e7\u00e3o do ferro, evitando a anemia por defici\u00eancia de ferro; \u00e9 uma das subst\u00e2ncias respons\u00e1veis pela produ\u00e7\u00e3o da carnitina, composto formado a partir de amino\u00e1cidos essenciais, como a lisina e a metionina, que auxilia no <a href=\"https:\/\/minhasaude.proteste.org.br\/6-exercicios-para-emagrecer-segundo-novo-estudo\/\">emagrecimento<\/a> ao potencializar a queima de gordura corporal.<\/h5>\n<\/div><\/div>\n<hr \/>\n<p style=\"text-align: center;\"><span style=\"font-size: 18pt;\"><b><i>AINDA COM <\/i><\/b><b><i>D\u00daVIDAS? <\/i><\/b><\/span><\/p>\n<p style=\"text-align: center;\"><b><i><a href=\"https:\/\/api.whatsapp.com\/send\/?phone=5562996149912&amp;text=Ol%C3%A1,%20gostaria%20de%20saber%20mais%20sobre%20um%20produto.\" target=\"_blank\" rel=\"noopener\"><span style=\"font-size: 18pt; color: #008000;\">FALE AGORA CONOSCO<\/span><\/a><br \/>\n<\/i><\/b><\/p>\n<hr \/>\n<h4 style=\"text-align: center;\"><strong><span style=\"color: #008000;\">Escolha seu Protocolo com o Emagrecedor mais amado na Europa e no Brasil!<\/span><\/strong><\/h4>\n<hr \/>\n<p style=\"text-align: center;\"><strong>( Recomendamos o uso do Suplemento durante 3 meses, para um emagrecimento saud\u00e1vel e eficaz )<\/strong><\/p>\n<p><b>A <span style=\"color: #008000;\">NatCare<\/span> ressalta a import\u00e2ncia de alinhar a suplementa\u00e7\u00e3o com melhora dos h\u00e1bitos, atividade f\u00edsica e alimenta\u00e7\u00e3o saud\u00e1vel para que voc\u00ea tenha grande sucesso nos seus resultados. Acreditamos na mudan\u00e7a de h\u00e1bitos para um emagrecimento saud\u00e1vel e duradouro!<\/b><\/p>\n<hr \/>\n<h1 style=\"text-align: center;\"><span style=\"font-size: 24pt;\"><b>21 D\u00a0 Naturalmente mais amado na Europa e no Brasil!<\/b><\/span><\/h1>\n<div class=\"sketchfab-embed-wrapper\"><iframe loading=\"lazy\" title=\"21 D\" src=\"https:\/\/sketchfab.com\/models\/8a140ae75c384e2297850eeb4b95ae21\/embed?autospin=1&amp;autostart=1&amp;ui_theme=dark\" width=\"1140\" height=\"480\" frameborder=\"0\" allowfullscreen=\"allowfullscreen\"> <\/iframe><\/div>\n<hr \/>\n<p style=\"text-align: center;\"><strong><span style=\"color: #008000;\">O 21 D Suplemento Natural para emagrecer\u00a0 possui total libera\u00e7\u00e3o e regulamenta\u00e7\u00e3o da Ag\u00eancia Nacional de Vigil\u00e2ncia Sanit\u00e1ria (ANVISA).<\/span><\/strong><\/p>\n","protected":false},"excerpt":{"rendered":"<h4><span style=\"color: #003300;\"><b>21 D &#8211; O MAIS AMADO NA EUROPA E NO BRASIL<\/b><\/span><\/h4>\n<h4><span style=\"color: #000080;\"><strong>Nova F\u00f3rmula<\/strong><\/span><\/h4>\n<h5 style=\"text-align: justify;\">&#8220;A Fran\u00e7a \u00e9 conhecida por sua ind\u00fastria de suplementa\u00e7\u00e3o natural, a <strong>NatCare<\/strong> desenvolveu na Fran\u00e7a o Suplemento Natural 21 D com qualidade e tecnologia avan\u00e7ada\u00a0 para seu emagrecimento saud\u00e1vel. Baseado na neuroci\u00eancia, o tempo necess\u00e1rio para ajud\u00e1-lo a quebrar velhos h\u00e1bitos e construir novas rotinas saud\u00e1veis \u00e9 apenas 21 dias. Fazendo o protocolo 21 D voc\u00ea pode finalmente deixar para tr\u00e1s os h\u00e1bitos que n\u00e3o servem mais para voc\u00ea e construir uma vida mais saud\u00e1vel e equilibrada.&#8221;<\/h5>\n","protected":false},"featured_media":24,"comment_status":"open","ping_status":"closed","template":"","meta":{"kt_blocks_editor_width":""},"product_cat":[16],"product_tag":[],"_links":{"self":[{"href":"https:\/\/naturellenutrition.com.br\/21d\/wp-json\/wp\/v2\/product\/88"}],"collection":[{"href":"https:\/\/naturellenutrition.com.br\/21d\/wp-json\/wp\/v2\/product"}],"about":[{"href":"https:\/\/naturellenutrition.com.br\/21d\/wp-json\/wp\/v2\/types\/product"}],"replies":[{"embeddable":true,"href":"https:\/\/naturellenutrition.com.br\/21d\/wp-json\/wp\/v2\/comments?post=88"}],"wp:featuredmedia":[{"embeddable":true,"href":"https:\/\/naturellenutrition.com.br\/21d\/wp-json\/wp\/v2\/media\/24"}],"wp:attachment":[{"href":"https:\/\/naturellenutrition.com.br\/21d\/wp-json\/wp\/v2\/media?parent=88"}],"wp:term":[{"taxonomy":"product_cat","embeddable":true,"href":"https:\/\/naturellenutrition.com.br\/21d\/wp-json\/wp\/v2\/product_cat?post=88"},{"taxonomy":"product_tag","embeddable":true,"href":"https:\/\/naturellenutrition.com.br\/21d\/wp-json\/wp\/v2\/product_tag?post=88"}],"curies":[{"name":"wp","href":"https:\/\/api.w.org\/{rel}","templated":true}]}}